?
2, 5
Suppose 0 = 5*m + n + n - 10, -15 = 3*n. Let f(s) = m*s + 2 - 5*s + 0*s + s**2. What are the prime factors of f(3)?
2
Let r = -29 + 19. Let f(v) = -v**2 - 21*v - 13. What are the prime factors of f(r)?
97
Suppose 2*z + 3*w = -2, 0 = -3*z - 2*z + 4*w + 41. Suppose z*v - 45 = 2*k - 5*k, -5*v + 45 = -5*k. Suppose 0 = q + 1 - v. What are the prime factors of q?
2
Let m = -37 + -31. Let q be -4*(4 - m/(-16)). Suppose 3*p + 2*w - 46 = 2*p, w + q = 0. List the prime factors of p.
2, 3
Let n(u) = u - 1. Let t(s) = -8*s + 12. Let j(b) = 6*n(b) + t(b). Let r be j(7). List the prime factors of (-218)/r - 1/4.
3
Suppose -5*r - 10330 = -5*n, 4*n = 62*r - 64*r + 8294. List the prime factors of n.
19, 109
Let m = 9 - 8. Let w be -2 - m/2*-4. Suppose 0*l + 2*l - 78 = -5*j, w = -2*j + 2*l + 34. List the prime factors of j.
2
Suppose 5*i + 0*i = 4950. Suppose 109 = 7*v - i. What are the prime factors of v?
157
What are the prime factors of (1952/(-6))/(86/(-129))?
2, 61
Let m = -28 - -648. What are the prime factors of m?
2, 5, 31
Let q(w) = -2*w - 7. Let r be q(-8). Let c(o) be the third derivative of o**6/120 - 3*o**5/20 + o**4/12 - o**3/2 + o**2. What are the prime factors of c(r)?
3, 5
Suppose 6 = 3*y - 6*y, -8 = -2*t + 2*y. Suppose -3*w = -2*z - 115, -15 = -4*w + 3*w - 4*z. Suppose t*h + w = 7*h. List the prime factors of h.
7
List the prime factors of (24/16)/((-5277)/(-1758) - 3).
3, 293
Suppose 2*o + 44 = -9*o. List the prime factors of 186/4 + (-2)/o.
47
Let t be 2/(-5) + 9828/70. Let x = t + -203. List the prime factors of (x/12)/((-1)/4).
3, 7
Let u = 322 + -122. Suppose -8*t + u = -3*t. List the prime factors of t.
2, 5
Let v = 14 + -10. Let l be ((-199)/7)/1 + (-39)/(-91). List the prime factors of v/(-6)*126/l.
3
List the prime factors of 15460/16 - 21/(-28).
967
Let x(f) = -17*f - 7. Let j(v) = -v. Let a(c) = 4*j(c) - x(c). List the prime factors of a(5).
2, 3
Let p = 596 - 305. What are the prime factors of p?
3, 97
Let b(v) = v**3 - 4*v**2 + 2*v. Let y = -24 - -10. Let o = y + 18. What are the prime factors of b(o)?
2
List the prime factors of 4044/7 - 5/(35/(-2)).
2, 17
Let t = 24 + -20. Suppose 5*s + 180 = 2*n, 5*s = -t*n - 0*n + 420. List the prime factors of n.
2, 5
Suppose -5*x - 5*s = -85, 3*x - s - 102 = -43. What are the prime factors of (1 + 0)*x + -2 + 1?
2, 3
Let j = -3204 + 6008. What are the prime factors of j?
2, 701
Let q(l) = -13*l + 9. Suppose -3*j + j - 16 = 0. List the prime factors of q(j).
113
Let s(j) = j**3 + 2*j**2 - j - 5. Let a be s(-6). Suppose -6*m = -8*m + 2, -2*x - 164 = -2*m. Let t = x - a. What are the prime factors of t?
2, 31
Let f = -56 - -64. What are the prime factors of -3*(-47)/6*f?
2, 47
Let c be (4 - 0 - 3) + 2. Suppose 5 = c*h - 52. List the prime factors of h.
19
Suppose -5*y - 1506 = -z, 0 = 3*z + 7*y - 787 - 3643. List the prime factors of z.
2, 743
Let q(f) = -1. Let h(b) = -11*b + 14. Let t(j) = -h(j) - 3*q(j). What are the prime factors of t(9)?
2, 11
Suppose 2*k = 2 + 4. Suppose 3*n + k*g - 17 = 2*n, -g = -5*n + 133. List the prime factors of n.
2, 13
Let n = 47 - 42. Suppose -6*h = -n*h - 64. What are the prime factors of h?
2
Let a(n) = n**3 - 14*n**2 - 23*n - 2. What are the prime factors of a(19)?
2, 683
Let o(k) = -k**3 + 8*k**2 - 3*k + 9. Let a = 7 + -2. Suppose -c + a = -2. What are the prime factors of o(c)?
37
List the prime factors of (135972/(-90))/((-15)/25).
2, 1259
Suppose 5031 = 71*v - 68*v. What are the prime factors of v?
3, 13, 43
Let c(d) = -12*d - 10. Let n be c(-1). Suppose n*h = h + t + 12, -20 = -2*h + t. What are the prime factors of h?
2
Suppose -y - 2*d = -136, -3*d - d - 12 = 0. Let r = y - 67. What are the prime factors of r?
3, 5
Suppose -z - 5 = -4*s, s = 4*z + 6*s - 1. What are the prime factors of (-17*(-3 - -4))/z?
17
Let s be (32/(-10))/((-2)/5). Let a be 12/s*(2 + 0). Suppose -3*q + a + 12 = 0. List the prime factors of q.
5
Suppose 130 = 10*u - 5*u. Suppose -5*m + 19 = -u. What are the prime factors of m?
3
What are the prime factors of (30/(-7))/(27/(-630))?
2, 5
Suppose 8*r - 11*r = -42. List the prime factors of 2/7 + 878/r.
3, 7
Let l(c) = -4*c - 22. Let k be l(-8). Suppose -k*q = -11*q + 275. List the prime factors of q.
5, 11
Let w(z) = -2*z - z + 2 + 0*z - 11. Let q be w(-4). Let h = 13 - q. What are the prime factors of h?
2, 5
Let l = -56 + 52. List the prime factors of ((-2)/l)/(4 - 1315/330).
3, 11
Let w = -1007 - -1554. What are the prime factors of w?
547
Let v be (4/10 + 0)*45. Let m be (-3)/v - 43/(-6). Suppose 5*x + 20 = m*k - 2*k, k = -x + 4. List the prime factors of k.
2
Suppose 2*h - 48 - 30 = -4*m, 0 = m + 3*h - 27. Let l(q) = q + 18. Let i be l(-16). Suppose i*a + 2 = m. List the prime factors of a.
2
Let s = -1576 + 3799. Suppose -4*r = 5*r - s. List the prime factors of r.
13, 19
Suppose -106 = 5*p - 0*p - 2*d, d - 23 = p. List the prime factors of (-64)/p*(33 + -3) + -2.
2, 47
Let t(w) = 2*w**2 - w + 11. Let x = 116 - 123. List the prime factors of t(x).
2, 29
Let s(d) = -d**3 - 2. Let v be s(2). Let f be 4 + (3 - v) + 3. Suppose f = -c + 6*c. List the prime factors of c.
2
Suppose 3*a - 6*a = 0. Let x be -2 + 8/1 - a. Suppose -d = -x*d + 75. What are the prime factors of d?
3, 5
Let p be ((-1)/1 - 1) + (0 - -4). Suppose p*k + 4*k - 1026 = 0. What are the prime factors of k?
3, 19
Let t = 22 - 8. Suppose -t*x = -9*x - 525. List the prime factors of x.
3, 5, 7
Let u be 2/15 + (-616)/(-105). Let n = -7 - -9. Suppose -3*z - 9 = 0, 4*z - u = -b + n*z. List the prime factors of b.
2, 3
Let c(q) = -13*q + 17*q - 5*q**2 - 8 + 4*q**2. Let n be c(6). List the prime factors of n/(-6)*(-3)/(-2).
5
Let s(c) = 44*c**2 + 2*c - 1. Let o be s(1). Suppose -4*w + o = 5. What are the prime factors of w - (1 - (1 + -3))?
7
Suppose -2*b + 3*b - 3*g = 32, 0 = 5*g + 10. Let u = -16 + b. List the prime factors of u.
2, 5
Suppose 0 = 16*h - 11*h - 2325. List the prime factors of h.
3, 5, 31
Let a(p) = 7*p**3 - 24*p**2 + 83*p - 7. List the prime factors of a(3).
5, 43
Let u(y) = y**2 + 18*y + 395. List the prime factors of u(0).
5, 79
Let u(d) = -5*d + 7*d**2 - 8*d**2 - d. Let k be u(-6). Suppose -g + 14 = 2*q, -q = 3*g - k*g - 12. List the prime factors of q.
2, 3
Let k = 9 - 8. Let a be 2/k*(-3)/6. Let r(f) = -45*f + 3. What are the prime factors of r(a)?
2, 3
Suppose 5*o + q - 2817 = 0, -q = -4*o - 0*q + 2250. List the prime factors of o.
563
Suppose 2*n = -k + 376, 0 = 3*n - 3*k - 616 + 34. Let q = n - 70. What are the prime factors of q?
2, 3, 5
Let i(p) = -p**3 - 12*p**2 - 10*p + 15. Let n be i(-11). Suppose -n*t - 2*y = 10, 5*t - 6*y + 30 = -5*y. What are the prime factors of ((-22)/t)/((-1)/(-5))?
2, 11
Suppose 0 = 3*o - 13 - 2, -c + 17 = 3*o. Let a(q) = q**2 + q + 5. Let w be a(5). Let t = w + c. What are the prime factors of t?
37
Let d be -3 + -1 - -4 - -3. Suppose -d*r - 5*z + z + 71 = 0, 0 = -5*z + 10. What are the prime factors of 78/r + (-12)/(-42)?
2
Let o = 11525 - 8130. What are the prime factors of o?
5, 7, 97
Let f = 8 + 60. Let p = f - 55. What are the prime factors of p?
13
Suppose -3*d = -5*p - 1966 + 19270, 3456 = p - 3*d. What are the prime factors of p?
2, 3, 577
Suppose -8*t - 5 = -7*t. Let f = 16 - t. What are the prime factors of f?
3, 7
Suppose 76*f = 18245 + 157999. List the prime factors of f.
3, 773
Let j = 40 + -38. Suppose 0 = t + q - j*q - 21, 0 = -5*q - 5. What are the prime factors of t?
2, 5
Let v(i) = 25*i + 1. Let q be v(-1). Let k = 26 + q. Suppose 2*u - 8 = -k*u. What are the prime factors of u?
2
Suppose -3*g = -107 - 442. List the prime factors of g*14/(-12)*8/(-14).
2, 61
Let z = -271 + 332. What are the prime factors of z?
61
Let q = 280 + -176. List the prime factors of q.
2, 13
Let v(q) = q**2 + 16*q + 16. Let r(m) = -15*m - 16. Let b(p) = -3*r(p) - 2*v(p). Let y be b(11). Let d = -33 - y. What are the prime factors of d?
2, 5
Let x = 44 + 295. What are the prime factors of x?
3, 113
Let x(u) = 6*u**2 - 96*u - 69. List the prime factors of x(-20).
3, 13, 109
Let s = -2 + 5. Suppose 0 = -c + s*c - 18. Suppose -8 = -r + c. List the prime factors of r.
17
Suppose 2*m - 285 = -3*h, 0 = -2*h - m + 231 - 41. Let d = h + -47. Suppose -d = -2*u + 2. List the prime factors of u.
5
Let d(j) = 2*j**3 - 9*j**2 - 1